y 65?
58
What is the remainder when 2138 is divided by 102?
98
What is the remainder when 305 is divided by 22?
19
Calculate the remainder when 6166 is divided by 1532.
38
Calculate the remainder when 172 is divided by 44.
40
What is the remainder when 514 is divided by 73?
3
What is the remainder when 1673 is divided by 418?
1
Calculate the remainder when 860 is divided by 72.
68
Calculate the remainder when 142 is divided by 30.
22
Calculate the remainder when 62 is divided by 12.
2
What is the remainder when 51 is divided by 13?
12
What is the remainder when 2346 is divided by 71?
3
What is the remainder when 53 is divided by 6?
5
Calculate the remainder when 697 is divided by 16.
9
Calculate the remainder when 307 is divided by 67.
39
Calculate the remainder when 200 is divided by 135.
65
What is the remainder when 599 is divided by 15?
14
Calculate the remainder when 1628 is divided by 164.
152
Calculate the remainder when 27 is divided by 20.
7
What is the remainder when 108 is divided by 16?
12
What is the remainder when 205 is divided by 16?
13
Calculate the remainder when 263 is divided by 11.
10
Calculate the remainder when 249 is divided by 20.
9
What is the remainder when 148 is divided by 25?
23
Calculate the remainder when 7136 is divided by 170.
166
What is the remainder when 219 is divided by 55?
54
What is the remainder when 1045 is divided by 264?
253
Calculate the remainder when 98 is divided by 2.
0
What is the remainder when 118 is divided by 17?
16
Calculate the remainder when 303 is divided by 18.
15
Calculate the remainder when 845 is divided by 99.
53
Calculate the remainder when 1884 is divided by 118.
114
Calculate the remainder when 2323 is divided by 15.
13
Calculate the remainder when 1180 is divided by 37.
33
Calculate the remainder when 175 is divided by 82.
11
What is the remainder when 1161 is divided by 169?
147
What is the remainder when 1478 is divided by 62?
52
What is the remainder when 833 is divided by 38?
35
What is the remainder when 1925 is divided by 38?
25
Calculate the remainder when 345 is divided by 141.
63
Calculate the remainder when 1170 is divided by 202.
160
What is the remainder when 1131 is divided by 143?
130
What is the remainder when 1047 is divided by 105?
102
Calculate the remainder when 896 is divided by 13.
12
Calculate the remainder when 1817 is divided by 140.
137
Calculate the remainder when 380 is divided by 64.
60
What is the remainder when 554 is divided by 256?
42
Calculate the remainder when 282 is divided by 30.
12
Calculate the remainder when 979 is divided by 7.
6
Calculate the remainder when 312 is divided by 104.
0
Calculate the remainder when 440 is divided by 214.
12
Calculate the remainder when 527 is divided by 24.
23
Calculate the remainder when 909 is divided by 11.
7
What is the remainder when 4291 is divided by 19?
16
What is the remainder when 53 is divided by 44?
9
What is the remainder when 910 is divided by 39?
13
Calculate the remainder when 5624 is divided by 47.
31
What is the remainder when 202 is divided by 26?
20
What is the remainder when 1793 is divided by 22?
11
Calculate the remainder when 3524 is divided by 84.
80
What is the remainder when 127 is divided by 100?
27
What is the remainder when 66 is divided by 24?
18
What is the remainder when 113 is divided by 31?
20
Calculate the remainder when 87 is divided by 55.
32
Calculate the remainder when 1483 is divided by 448.
139
What is the remainder when 1440 is divided by 19?
15
Calculate the remainder when 331 is divided by 12.
7
What is the remainder when 2862 is divided by 15?
12
Calculate the remainder when 155 is divided by 39.
38
Calculate the remainder when 194 is divided by 3.
2
Calculate the remainder when 11589 is divided by 61.
60
Calculate the remainder when 44 is divided by 5.
4
Calculate the remainder when 11 is divided by 7.
4
Calculate the remainder when 27522 is divided by 28.
26
Calculate the remainder when 2675 is divided by 19.
15
Calculate the remainder when 78 is divided by 16.
14
What is the remainder when 73 is divided by 26?
21
Calculate the remainder when 951 is divided by 18.
15
What is the remainder when 503 is divided by 110?
63
What is the remainder when 1712 is divided by 78?
74
What is the remainder when 1673 is divided by 285?
248
What is the remainder when 2116 is divided by 53?
49
What is the remainder when 65 is divided by 17?
14
Calculate the remainder when 1693 is divided by 142.
131
Calculate the remainder when 2026 is divided by 21.
10
What is the remainder when 11756 is divided by 11?
8
Calculate the remainder when 437 is divided by 85.
12
What is the remainder when 1056 is divided by 349?
9
What is the remainder when 33 is divided by 6?
3
Calculate the remainder when 162 is divided by 24.
18
Calculate the remainder when 252 is divided by 26.
18
Calculate the remainder when 4769 is divided by 317.
14
Calculate the remainder when 1603 is divided by 329.
287
Calculate the remainder when 137 is divided by 109.
28
What is the remainder when 40 is divided by 24?
16
What is the remainder when 509 is divided by 17?
16
What is the remainder when 45 is divided by 16?
13
Calculate the remainder when 2754 is divided by 40.
34
What is the remainder when 58 is divided by 7?
2
Calculate the remainder when 54 is divided by 23.
8
Calculate the remainder when 13832 is divided by 9.
8
What is the remainder when 1428 is divided by 62?
2
What is the remainder when 409 is divided by 23?
18
What is the remainder when 350 is divided by 117?
116
What is the remainder when 347 is divided by 4?
3
What is the remainder when 1846 is divided by 14?
12
Calculate the remainder when 494 is divided by 83.
79
Calculate the remainder when 97 is divided by 1.
0
Calculate the remainder when 2192 is divided by 47.
30
What is the remainder when 442 is divided by 112?
106
What is the remainder when 4484 is divided by 88?
84
Calculate the remainder when 105 is divided by 21.
0
What is the remainder when 527 is divided by 28?
23
What is the remainder when 64 is divided by 38?
26
Calculate the remainder when 510 is divided by 14.
6
What is the remainder when 2574 is divided by 82?
32
Calculate the remainder when 1016 is divided by 7.
1
Calculate the remainder when 6070 is divided by 13.
12
What is the remainder when 81 is divided by 28?
25
Calculate the remainder when 49 is divided by 29.
20
Calculate the remainder when 3717 is divided by 62.
59
Calculate the remainder when 77 is divided by 29.
19
Calculate the remainder when 71 is divided by 24.
23
What is the remainder when 3079 is divided by 88?
87
Calculate the remainder when 1317 is divided by 131.
7
What is the remainder when 317 is divided by 107?
103
What is the remainder when 1789 is divided by 16?
13
What is the remainder when 100 is divided by 20?
0
Calculate the remainder when 79 is divided by 61.
18
What is the remainder when 1334 is divided by 67?
61
Calculate the remainder when 2996 is divided by 81.
80
What is the remainder when 104 is divided by 12?
8
Calculate the remainder when 1667 is divided by 531.
74
What is the remainder when 2022 is divided by 667?
21
Calculate the remainder when 4399 is divided by 62.
59
What is the remainder when 194 is divided by 166?
28
What is the remainder when 358 is divided by 160?
38
What is the remainder when 10549 is divided by 116?
109
Calculate the remainder when 80 is divided by 29.
22
What is the remainder when 62 is divided by 37?
25
What is the remainder when 629 is divided by 314?
1
What is the remainder when 402 is divided by 96?
18
Calculate the remainder when 47 is divided by 13.
8
Calculate the remainder when 105 is divided by 28.
21
What is the remainder when 151 is divided by 11?
8
What is the remainder when 104 is divided by 15?
14
Calculate the remainder when 363 is divided by 23.
18
Calculate the remainder when 713 is divided by 236.
5
What is the remainder when 459 is divided by 179?
101
Calculate the remainder when 879 is divided by 437.
5
What is the remainder when 5356 is divided by 80?
76
Calculate the remainder when 781 is divided by 590.
191
What is the remainder when 6738 is divided by 56?
18
What is the remainder when 112 is divided by 58?
54
Calculate the remainder wh